141240
In base 10, what is -1 + -61071422?
-61071423
In base 10, what is -254 - 93282?
-93536
In base 6, what is -301011 - -104204?
-152403
In base 3, what is 121001 + -2020201200022?
-2020201002021
In base 5, what is 402422 - -14302?
422224
In base 3, what is -11002000112 - 111121?
-11002112010
In base 10, what is -19 - -5285419?
5285400
In base 4, what is 2 - -20111231322?
20111231330
In base 9, what is -3265188 + -355?
-3265554
In base 16, what is -41 + 4a9b7?
4a976
In base 10, what is 46688138 - 3?
46688135
In base 10, what is 0 + -40188735?
-40188735
In base 16, what is -1901 - e9f?
-27a0
In base 2, what is -111110110010101101101 + 111100?
-111110110010100110001
In base 3, what is -2110021201010120 + -2?
-2110021201010122
In base 14, what is -271 - 11ca0?
-12131
In base 3, what is -1202121022022111 - -12?
-1202121022022022
In base 8, what is -6 - 337675?
-337703
In base 3, what is -101020000110 + -10201?
-101020011011
In base 7, what is 0 - -12244614?
12244614
In base 12, what is 294 + 50010?
502a4
In base 14, what is -2a582a4d + 5?
-2a582a48
In base 8, what is -6 + 40455700?
40455672
In base 11, what is 5 + -1188317?
-1188312
In base 2, what is -101110110011011101000011 + 101?
-101110110011011100111110
In base 9, what is -423315 + 124?
-423181
In base 7, what is -32 - 1001253?
-1001315
In base 15, what is -76656b - 12?
-76657d
In base 12, what is 856 - -9aa18?
9b672
In base 4, what is 32301322333 - -2?
32301323001
In base 15, what is 26636 - 71a?
25e1b
In base 12, what is 143b + -37aa1?
-36662
In base 16, what is -4c28 - b4?
-4cdc
In base 7, what is 236 + 25553466?
25554035
In base 2, what is 10101111100101000000 + -100?
10101111100100111100
In base 2, what is 1100 - -100100101101001010100111?
100100101101001010110011
In base 11, what is -241 - -733217?
732a86
In base 3, what is -10 - -1002012020202112?
1002012020202102
In base 11, what is 350136 + 100?
350236
In base 11, what is 5 - -14150a9?
1415103
In base 9, what is 12 + 655678?
655701
In base 10, what is -20 - -397719?
397699
In base 14, what is 3 + 58c749?
58c74c
In base 6, what is -34204 + 124003?
45355
In base 4, what is -23001032002 - -2231?
-23001023111
In base 6, what is 125 - 5142503?
-5142334
In base 16, what is -794 + 56a?
-22a
In base 11, what is -180232 + -1a?
-180251
In base 13, what is -56c35 + -36?
-56c6b
In base 8, what is -1707 + -657132?
-661041
In base 11, what is -1682 + 93775?
920a3
In base 4, what is -10 - -22312003300311?
22312003300301
In base 12, what is -4 - -898002?
897bba
In base 16, what is -ae + 50352?
502a4
In base 5, what is 3 + -210403411?
-210403403
In base 16, what is 433c - -1914?
5c50
In base 3, what is 10200212 - -120001120?
200202102
In base 2, what is -1000010011001011100110 - 101?
-1000010011001011101011
In base 6, what is 11424 + -105153?
-53325
In base 5, what is -221320 - 11044?
-232414
In base 2, what is 101111001011111110110100 + -10?
101111001011111110110010
In base 7, what is 2200104 + -536?
2166235
In base 4, what is 20320 - -1101312221?
1101333201
In base 9, what is -15070 - -36547?
21467
In base 2, what is -111000 + 1001001111000011100?
1001001110111100100
In base 13, what is 5 + -50445590?
-50445588
In base 16, what is -4 - -66c64?
66c60
In base 15, what is -b418d + 1b?
-b4172
In base 15, what is -79 - -41e1ba?
41e141
In base 9, what is 5 + 87671656?
87671662
In base 11, what is -99203 - 2?
-99205
In base 10, what is 47169559 - -22?
47169581
In base 6, what is -10543522 + -1242?
-10545204
In base 7, what is -3 + -22410014?
-22410020
In base 4, what is 1 + 11313201201322?
11313201201323
In base 10, what is 141741 + -5?
141736
In base 4, what is 10 - 23032023312?
-23032023302
In base 11, what is 146613 + -14?
1465aa
In base 5, what is -2244441 + -201233?
-3001224
In base 3, what is -211220220 + -22112012?
-1011110002
In base 10, what is 426376 - 49?
426327
In base 11, what is 1a599 - -323?
1a911
In base 5, what is 0 + 314102020?
314102020
In base 9, what is -1288 - -163647?
162348
In base 5, what is -122004331 + 24?
-122004302
In base 15, what is -1e8d1e6 + -2?
-1e8d1e8
In base 6, what is -12 - -4112342332?
4112342320
In base 5, what is 1 + -144224101?
-144224100
In base 11, what is -11 + -267782?
-267793
In base 16, what is -5 + -bd88a3?
-bd88a8
In base 6, what is -12415 + -14030?
-30445
In base 12, what is 19202 + -353?
18a6b
In base 16, what is 2 + 27ef77?
27ef79
In base 11, what is 26 + -2611776?
-2611750
In base 4, what is 2320 + 313333100?
320002020
In base 5, what is 3111103 + -4103?
3102000
In base 5, what is -2 - -210213104?
210213102
In base 10, what is -4334 + -13647?
-17981
In base 12, what is 20 + 340914?
340934
In base 11, what is 2332a97 - -11?
2332aa8
In base 4, what is 32 - -20322030333?
20322031031
In base 15, what is 3574 + b45?
41b9
In base 3, what is -11100 + 121100022200?
121100011100
In base 14, what is -55ca4bbd + 5?
-55ca4bb8
In base 9, what is 6 + -31087252?
-31087245
In base 12, what is 3 + -1b92606?
-1b92603
In base 11, what is -5a - 5585278?
-5585327
In base 9, what is 385 - 22401?
-22005
In base 16, what is -6668 + -1a58?
-80c0
In base 3, what is 102002001211001 - -12122?
102002002000200
In base 4, what is 11102 + 33322210?
33333312
In base 5, what is -1240414 - -242?
-1240122
In base 8, what is 175054041 - -5?
175054046
In base 7, what is -53020253 - 2?
-53020255
In base 2, what is -1011110 - 10100001100001001011?
-10100001100010101001
In base 14, what is 5a27c - 2?
5a27a
In base 2, what is 111011100011101 - -1010100?
111011101110001
In base 11, what is -661400 - -9?
-6613a2
In base 10, what is 4018672 - -14?
4018686
In base 4, what is -3311203313333 - -2?
-3311203313331
In base 9, what is -5 + 342227?
342222
In base 7, what is 401 + 23320?
24021
In base 9, what is 124267 + 143?
124421
In base 15, what is 7ae7 + -2b7?
7830
In base 9, what is -18814 + -221?
-20135
In base 5, what is -1004144403 - 220?
-1004200123
In base 11, what is 2089062 - 27?
2089036
In base 10, what is 1567 + 1828?
3395
In base 12, what is -13139084 - 1?
-13139085
In base 5, what is 4001334 - -3010?
4004344
In base 6, what is -501335025 + -4?
-501335033
In base 13, what is -1b2acca7 + -1?
-1b2acca8
In base 11, what is -15898365 - 0?
-15898365
In base 6, what is 32245340 + 34?
32245414
In base 16, what is -413126 - -d?
-413119
In base 8, what is 16 + 2325016?
2325034
In base 9, what is 56 - 1435837?
-1435771
In base 10, what is 2 + 3503738?
3503740
In base 2, what is -1 - -1000011000010111001110111010?
1000011000010111001110111001
In base 16, what is cb648d - 7?
cb6486
In base 14, what is 2a247 - 229?
2a01c
In base 13, what is 30b4 - 36ab6?
-33a02
In base 11, what is 332422 - -67?
332489
In base 12, what is -137023a6 - -2?
-137023a4
In base 5, what is 1242412 - -2341?
1300303
In base 2, what is 100100110100000101011 - -10010100?
100100110100010111111
In base 16, what is -3bf - 14bf?
-187e
In base 15, what is -87618 - -1?
-87617
In base 4, what is 11011201 - 2322032?
2023103
In base 5, what is 0 - -12113222131?
12113222131
In base 6, what is -250 + 3015334?
3015044
In base 8, what is 135 - -156245?
156402
In base 15, what is c3ed8 - 85?
c3e53
In base 15, what is 14a76 + 150?
14bc6
In base 6, what is -120341510321 - 0?
-120341510321
In base 3, what is 12001110210 - 210122?
12000200011
In base 12, what is -95457b + -b8?
-954677
In base 8, what is -147135 - 4531?
-153666
In base 14, what is 0 + -2507cb08?
-2507cb08
In base 8, what is -15421566 + -2?
-15421570
In base 9, what is -55 - -577087?
577032
In base 8, what is 756616 - 140?
756456
In base 12, what is 181 - 151601?
-151440
In base 10, what is -3183 - 2308?
-5491
In base 13, what is 4443 + -71?
43a2
In base 16, what is d - b6422a?
-b6421d
In base 15, what is -3 - -26b34c6?
26b34c3
In base 15, what is -2 + -1a64b5?
-1a64b7
In base 12, what is 2212 - -251b?
4731
In base 11, what is -1244 - 1486?
-271a
In base 8, what is -20441 + 3777?
-14442
In base 2, what is 11 + 100101111101101111000010?
100101111101101111000101
In base 9, what is 5 + 3544061?
3544066
In base 9, what is 165466828 + 4?
165466833
In base 6, what is -35345335 + 10?
-35345325
In base 5, what is 231142343 - -142?
231143040
In base 2, what is 101110011100111011 - 1011?
101110011100110000
In base 12, what is b4929 - 